er?
False
Is 7583 a composite number?
False
Is 135202 a prime number?
False
Is 110321 prime?
True
Is 597803 a composite number?
False
Is 85385 prime?
False
Is 348871 a prime number?
False
Is 68893 composite?
True
Is 76621 prime?
False
Is 368759 prime?
False
Is 25741 composite?
False
Is 196123 composite?
True
Is 5813 a prime number?
True
Is 16645 composite?
True
Is 12953 prime?
True
Is 1198382 composite?
True
Is 732911 composite?
False
Is 225457 prime?
True
Is 801449 a composite number?
True
Is 4279 a composite number?
True
Is 2863 a composite number?
True
Is 3587 a composite number?
True
Is 84083 a prime number?
False
Is 7261 composite?
True
Is 29551 a prime number?
False
Is 10061 composite?
False
Is 4861 prime?
True
Is 101095 a composite number?
True
Is 12689 composite?
False
Is 1209211 a composite number?
True
Is 260437 composite?
True
Is 3593 composite?
False
Is 2586497 a composite number?
False
Is 34403 prime?
True
Is 7411 composite?
False
Is 12607 a prime number?
False
Is 176941 composite?
True
Is 260137 prime?
True
Is 47219 prime?
False
Is 6779 composite?
False
Is 388495 prime?
False
Is 7609 prime?
False
Is 275087 a prime number?
True
Is 107377 composite?
False
Is 1087561 composite?
False
Is 78401 composite?
False
Is 266177 composite?
False
Is 1284139 a prime number?
False
Is 787 a composite number?
False
Is 1363 prime?
False
Is 88789 a composite number?
False
Is 23251 composite?
False
Is 13159 prime?
True
Is 1069 a prime number?
True
Is 5311 a prime number?
False
Is 20779 a prime number?
False
Is 202309 prime?
True
Is 1138637 prime?
True
Is 181061 a prime number?
True
Is 30587 a prime number?
False
Is 55235 a composite number?
True
Is 16447 a composite number?
False
Is 11989 a composite number?
True
Is 646246 prime?
False
Is 4702 composite?
True
Is 397 composite?
False
Is 597851 prime?
False
Is 221807 composite?
False
Is 337606 a prime number?
False
Is 17033 composite?
False
Is 1550299 composite?
False
Is 82001 a composite number?
True
Is 54241 a composite number?
True
Is 435719 composite?
True
Is 15749 a prime number?
True
Is 10743 prime?
False
Is 244717 composite?
True
Is 128549 a prime number?
True
Is 497449 a composite number?
False
Is 220511 a prime number?
True
Is 18838 a prime number?
False
Is 9287 a prime number?
False
Is 1769 a prime number?
False
Is 300293 prime?
False
Is 14585 a composite number?
True
Is 13042 prime?
False
Is 59701 a prime number?
False
Is 93629 a composite number?
False
Is 5269 prime?
False
Is 166307 a composite number?
True
Is 229987 a composite number?
True
Is 505481 a composite number?
False
Is 358647 prime?
False
Is 10231 composite?
True
Is 1041301 composite?
True
Is 194657 composite?
True
Is 1863041 composite?
False
Is 5667 prime?
False
Is 181867 prime?
False
Is 4229 a prime number?
True
Is 1563 a prime number?
False
Is 1452943 a prime number?
False
Is 3593 composite?
False
Is 38053 composite?
False
Is 9391 a prime number?
True
Is 42979 a composite number?
False
Is 72139 a prime number?
True
Is 2078789 a composite number?
False
Is 826831 prime?
True
Is 145569 a composite number?
True
Is 88645 composite?
True
Is 54811 prime?
False
Is 1823 a prime number?
True
Is 33619 composite?
False
Is 86677 composite?
False
Is 644237 a composite number?
True
Is 166087 prime?
False
Is 161423 prime?
False
Is 110119 a composite number?
False
Is 310967 prime?
False
Is 3823 a prime number?
True
Is 21661 a prime number?
True
Is 2927 a composite number?
False
Is 6521 a composite number?
False
Is 5347349 composite?
True
Is 27361 a prime number?
True
Is 285869 prime?
False
Is 114819 a composite number?
True
Is 15619 composite?
False
Is 7993 a prime number?
True
Is 11213 a composite number?
False
Is 26669 a prime number?
True
Is 114347 composite?
True
Is 5333 a composite number?
False
Is 433437 composite?
True
Is 577231 a composite number?
True
Is 5381 composite?
False
Is 1285423 composite?
True
Is 479567 a prime number?
False
Is 35617 a prime number?
True
Is 21727 prime?
True
Is 591731 composite?
True
Is 9803 a composite number?
False
Is 20283 a prime number?
False
Is 82437 a prime number?
False
Is 85159 composite?
False
Is 68245 a prime number?
False
Is 541889 composite?
False
Is 1086682 composite?
True
Is 3062 prime?
False
Is 5953 prime?
True
Is 2245871 a composite number?
False
Is 491 prime?
True
Is 953 a prime number?
True
Is 52667 composite?
False
Is 631589 prime?
False
Is 41429 a prime number?
False
Is 5173 a prime number?
False
Is 5303 a prime number?
True
Is 79457 composite?
True
Is 613 a prime number?
True
Is 31219 a prime number?
True
Is 1199587 a composite number?
False
Is 205617 composite?
True
Is 5123 a prime number?
False
Is 1893 a prime number?
False
Is 677357 composite?
False
Is 42323 prime?
True
Is 1577153 a prime number?
True
Is 494561 a prime number?
True
Is 238331 a prime number?
True
Is 20021 a prime number?
True
Is 44809 composite?
False
Is 3691 a prime number?
True
Is 18559 prime?
False
Is 98801 prime?
True
Is 10589 a prime number?
True
Is 18859 composite?
False
Is 95537 a composite number?
True
Is 2150039 composite?
False
Is 11597 a prime number?
True
Is 398455 a prime number?
False
Is 3233939 a prime number?
True
Is 20555 prime?
False
Is 8861 a composite number?
False
Is 9091 composite?
False
Is 23917 prime?
True
Is 51253 a prime number?
False
Is 202357 a composite number?
False
Is 3397 prime?
False
Is 98773 composite?
False
Is 409 a composite number?
False
Is 133053 composite?
True
Is 199337 a prime number?
True
Is 85817 a prime number?
True
Is 14503 a prime number?
True
Is 51215 a composite number?
True
Is 11539 prime?
False
Is 431191 a prime number?
True
Is 224969 a prime number?
True
Is 255677 prime?
False
Is 149973 a prime number?
False
Is 1062643 prime?
True
Is 5209 prime?
True
Is 25961 a prime number?
False
Is 6113 a prime number?
True
Is 17846 prime?
False
Is 1411 a composite number?
True
Is 665197 a composite number?
True
Is 21977 a prime number?
True
Is 494103 prime?
False
Is 26651 composite?
True
Is 87695 a prime number?
False
Is 150341 a composite number?
True
Is 1486007 a prime number?
False
Is 358942 a prime number?
False
Is 6559 a composite number?
True
Is 767 composite?
True
Is 5963 a prime number?
False
Is 13415 composite?
True
Is 349697 a composite number?
False
Is 1721 prime?
True
Is 68707 prime?
False
Is 190499 a prime number?
False
Is 77093 a prime number?
True
Is 19661 a prime number?
True
Is 2862731 composite?
False
Is 110221 a prime number?
True
Is 1404073 composite?
True
Is 26759 prime?
True
Is 123373 prime?
True
Is 8654 prime?
False
Is 1603135 prime?
False
Is 91765 prime?
False
Is 14321 a composite number?
False
Is 300449 a prime number?
False
Is 724093 composite?
False
Is 18353 a composite number?
False
Is 380483 a prime number?
True
Is 329233 prime?
True
Is 15247 prime?
False
Is 6383 composite?
True
Is 4105 a prime number?
False
Is 4645 a composite number?
True
Is 7493 a composite number?
True
Is 14971 a prime number?
False
Is 107335 composite?
True
Is 11545 a prime number?
False
Is 19837 a prime number?
False
Is 30421 a prime number?
False
Is 1681783 a composite number?
True
Is 156779 prime?
False
Is 3205217 composite?
False
Is 3935 prime?
False
Is 107795 composite?
True
Is 5027 a composite number?
True
Is 34309 a composite number?
True
Is 46219 a composite number?
False
Is 46217 prime?
False
Is 2732431 composite?
True
Is 227363 prime?
True
Is 2521 composite?
False
Is 33083 prime?
True
Is 6439 composite?
True
Is 63469 composite?
True
Is 9961 a prime number?
False
Is 14369 a composite number?
False
Is 14143 composite?
False
Is 15509 a composite number?
True
Is 907567 a prime number?
True
Is 30487 a prime number?
False
Is 378911 a composite number?
True
Is 467 prime?
True
Is 2843 a composite number?
False
Is 145193 prime?
True
Is 43237 composite?
False
Is 166597 a prime number?
True
Is 29441 composite?
True
Is 139 prime?
True
Is 32987 composite?
False
Is 6709 prime?
True
Is 5087 composite?
False
Is 292103 a prime number?
False
Is 86423 prime?
True
Is 465781 a prime number?
True
Is 94993 composite?
False
Is 362 a prime number?
False
Is 191021 composite?
False
Is 122345 a prime number?
False
Is 53023 composite?
True
Is 80387 a prime number?
True
Is 891445 a prime number?
F